z**3 + 2*z**2 - 29*z + 12. Let q be t(y). Calculate the highest common divisor of q and 182.
14
Let o(s) = s**3 - 28*s + 43. Let z be o(-6). Let q be z/2 - -3 - 10189/(-46). What is the greatest common divisor of q and 18?
6
Let s be (423 - -6) + (-2 - 2) + 9. Let r = 442 - s. What is the highest common divisor of r and 20?
4
Suppose -2*x = -5*b + 684, 2*x - 379 = -5*b + 317. What is the highest common divisor of b and 66?
6
Suppose -3*i - 22*i + 100892 = 9392. What is the greatest common factor of i and 84?
12
Let r be -6 + 6792/(21 + -9). Calculate the highest common factor of 45 and r.
5
Let q(o) = 25*o + 1459. Let u be q(-58). Calculate the highest common factor of u and 2271.
3
Let s = -54 - -63. Let w be (-39 + -3 - 2)*(-6)/(-8). Let b = 39 + w. Calculate the greatest common divisor of s and b.
3
Suppose -5*r + 3*t = -720, -2*t - 2*t = 0. Let x be 12561/45 - ((-215)/75 - -3). Let h = x + -231. Calculate the highest common divisor of r and h.
48
Let y be ((-209)/3 - 0)/(-2*24/576). Calculate the greatest common divisor of 264 and y.
44
Let z(f) = 12*f + 10. Let s be z(-7). Let p = -65 - s. Suppose p*v - 540 = -0*v. What is the greatest common factor of v and 40?
20
Let s(m) = -5*m - 35. Suppose 0 = -w + k + 16 - 5, 0 = -2*k + 2. Let o = w - 21. Let r be s(o). Calculate the greatest common divisor of r and 5.
5
Suppose -n + 71 = d - 370, -4*n - 5*d = -1767. Suppose -2*m - 434 = -5*m - j, n = 3*m - 3*j. Calculate the highest common factor of 87 and m.
29
Suppose -5*t + 7*i = 5*i - 111, -i - 3 = 0. Suppose 0 = t*y - 2*y - 23940. What is the highest common factor of 20 and y?
20
Let v = 18690 - 18682. Let q(f) = -f**2 + 5*f - 5. Let t be q(4). Let l be t + (-2 - -3) - -2. What is the highest common factor of v and l?
2
Let p be ((-63)/(-27))/((-84)/(-432)). Let l be -10*((-9)/(-5))/(-3). What is the greatest common divisor of p and l?
6
Let c(z) = 27*z + 21. Let u be (15/(-10))/((-2)/(-8)). Let f be c(u). Let g = -81 - f. Calculate the highest common divisor of 10 and g.
10
Suppose -3*i - 7*p - 492 = -10*p, 3*p + 12 = 0. Let f = i + 141. Let q = f + 91. What is the highest common factor of 48 and q?
16
Let l be (52/18)/(-18*7/(-13041)). Calculate the greatest common factor of 2461 and l.
23
Let j(t) be the third derivative of t**4/24 + 5*t**3/2 - 5*t**2 + 1. Let q be j(0). Calculate the greatest common factor of q and 27.
3
Suppose -82037 = -13*p + 19636. Calculate the greatest common factor of p and 99.
99
Let f(y) = y**3 + 26*y**2 - 87*y - 53. Let v be f(-26). Calculate the greatest common divisor of 376 and v.
47
Suppose 0 = 6*d, -3*v - 125 = -v - 7*v + 4*d. Calculate the highest common factor of v and 14075.
25
Let o(q) = -q**3 + 4*q + 4. Let y be o(-3). Let g be (-52)/78*(-150)/(-4). Let u be 57 - (-5 - g/(25/5)). What is the highest common factor of u and y?
19
Let i = -242 + 403. Let l(u) = u**2 - 3*u - 2. Let k be l(4). Suppose k*j = -2*j + 92. What is the highest common divisor of j and i?
23
Suppose -175*p - 17168 = -191*p. What is the highest common factor of p and 116?
29
Let r be 42*17/(-51) - -16. What is the highest common factor of r and 62?
2
Suppose 4*h + 25*q + 14 = 0, 3*h + 6*q - 11*q = 37. Calculate the greatest common factor of 3798 and h.
9
Let a be (-207)/(-6) - -4*7/56. Let z(v) = 2*v + 70. Let b = -1 - -1. Let m be z(b). What is the highest common factor of a and m?
35
Suppose -141*q + 167*q - 88778 - 147328 = 0. Calculate the greatest common divisor of 9 and q.
9
Let o = -39 + 111. Let w(i) = -i**3 + 5*i**2 - 3*i + 5. Let b be w(4). Let u be b/(-12) + (-195)/(-20). Calculate the greatest common divisor of o and u.
9
Suppose -525 = -8*u + 19. Let f = u - 28. Let c be (-1 - (-2 - 4))/1. Calculate the highest common factor of c and f.
5
Let y be (44/(-55))/((-2)/105). Suppose 6*u - 7*u - n = -149, 2*u = n + 292. Calculate the greatest common factor of y and u.
21
Let a(p) = -p**2 - 25*p - 132. Let n be a(-9). Calculate the highest common divisor of n and 1100.
4
Suppose 2*g + 2*s - 103 = 467, -g + 297 = 5*s. Calculate the greatest common factor of g and 1504.
94
Let u be 16/3*5/6*(-1215)/(-30). What is the highest common divisor of 1860 and u?
60
Let l be (18/((-360)/28))/((-2)/350). Let m be 14/((0 + -1)/(-14)). What is the greatest common factor of m and l?
49
Let q be (0 + (-2)/6)/((-12)/(-72)). Let c be (34/34)/(q/(-266)). What is the highest common divisor of 76 and c?
19
Let x = 7849 + -7763. What is the greatest common factor of x and 3698?
86
Suppose -30 = -4*n + 3*d - 5*d, 0 = n - 4*d - 12. What is the highest common factor of 37528 and n?
8
Suppose -512*v - 521*v + 180 = -1023*v. Calculate the highest common factor of 3177 and v.
9
Let a = 533 - 473. Let y(z) = -z**3 - 6*z**2 - 8*z - 5. Let f be y(-6). Suppose -4*k + 117 = -f. Calculate the highest common divisor of k and a.
20
Let p = 34 - 30. Let w be p*(-4)/(-4) - -22. Let q(r) = 3*r**2 - 6*r + 2. Let d be q(4). What is the highest common divisor of w and d?
26
Let n = 60 - 45. Let r be 6/(-3) + n + 2. Suppose -20*y = -17*y - r. Calculate the highest common divisor of y and 55.
5
Let g = 70 - 55. Let j be 98/4 + 144/(-32). Calculate the greatest common factor of g and j.
5
Let z = -40 - -69. Suppose -574 - 296 = 5*s. Let c be 6/(-4)*3364/s. What is the highest common factor of c and z?
29
Let z = -227 + 231. Suppose -2*k = -3*x - x, 12 = k + z*x. What is the greatest common factor of k and 28?
4
Let k be (-48)/(-22) - 38/209. Suppose x = -k + 11. Suppose -q = 3*t, 5 = -3*t + 2*t. Calculate the highest common factor of x and q.
3
Let n be -1*6/8 + 717/12 + 1. Calculate the greatest common divisor of n and 2460.
60
Suppose -933*j + 7032 = -54*j. Let d be 0 + 8*5/2. What is the greatest common divisor of j and d?
4
Let a = 1169 - 1154. What is the highest common factor of 5385 and a?
15
Suppose f - 3*t - 197 = 0, -4*f + 232 + 598 = 2*t. Let j be f + (-2 - 1)*(-5)/(-3). Calculate the greatest common divisor of 3 and j.
3
Suppose 660491*i = 660550*i - 177. Suppose x - 117 = -2*x. What is the greatest common divisor of i and x?
3
Suppose 11*d - 10*d + 254 = p, 2*d - 1277 = -5*p. What is the greatest common factor of 1065 and p?
15
Let l = -3530 + 5842. Calculate the highest common factor of 32 and l.
8
Let q be (-894)/(-4) - ((-15)/(-6))/5. Let b = q + -211. What is the greatest common divisor of b and 15?
3
Let a be (112/42)/((-13)/12 - -1). Let c = 65 - a. Suppose -4*v - 65 = -c. Calculate the greatest common divisor of 88 and v.
8
Suppose 0 = -235*y + 145130 + 246380. Calculate the greatest common factor of 70 and y.
14
Suppose 0 = 5*f - 2*f - 6. Let b be f - (2 + -1)*-13. Suppose -1395 = -50*j + 19*j. Calculate the greatest common factor of j and b.
15
Suppose 0 = 16*b - 11*b - 4*q - 4840, -3*b + 2904 = -q. Let z = b - 689. What is the highest common factor of 31 and z?
31
Suppose 0 = 22*l - 6*l - 4003 - 1325. What is the greatest common divisor of l and 37?
37
Let w = 25585 + -25365. Calculate the highest common divisor of 37180 and w.
220
Let i = -7 - -8. Let x be (55 + i)*(5/(-10) + 2). What is the greatest common factor of x and 42?
42
Suppose 3*k - 12 + 45 = 0. Let v = 508 + -470. Let q = k + v. What is the greatest common divisor of 18 and q?
9
Suppose -5*d - 26 = j, 777*d = -3*j + 781*d + 36. Let u(c) = 6*c**2 + 4*c + 6. Let r be u(-5). Calculate the greatest common factor of r and j.
4
Let f = 31 + 44. Let o be -10 + (-1 - (-6 + 2)). Let m = 22 + o. What is the highest common factor of f and m?
15
Suppose -2*z + 8 = -3*h, -76*z + 3*h - 8 = -78*z. What is the highest common factor of z and 94?
2
Suppose 2*m = 2*p + 43 + 77, m + p - 60 = 0. What is the highest common factor of 345 and m?
15
Let t be 902/(-4059) - (-5483)/9. What is the highest common divisor of t and 261?
87
Suppose 0 = 795*n - 510478 - 4123577. What is the highest common factor of 261 and n?
87
Let k be ((-38312)/(-126) - 80/(-360)) + 6/(-21). What is the greatest common factor of k and 80?
16
Let m(k) = 617*k**2 - 53*k - 4. Let d be m(2). Calculate the highest common factor of d and 81.
9
Let u(m) = m**3 - 10*m**2 + 2*m - 4. Let v be u(10). Suppose -2*j = 4*l - 784, -12*l = -3*j - 16*l + 1184. Calculate the highest common divisor of v and j.
16
Let w be 340 + -3 + 0 + (-3 - -1).